(-4 - p) + -4) a prime number?
False
Let o(v) = -5760*v + 221. Is o(-20) a composite number?
False
Suppose 2*p - 7*p = -4*s - 7, -p - 3*s = -9. Suppose -3*n = -p*q - q - 2129, -2824 = -4*n - 2*q. Let y = 2364 - n. Is y composite?
False
Let j = 60 - 57. Suppose 2*w = -w - m + 20, j*w - m = 28. Is 3147*(-3)/(-12)*w/3 composite?
True
Is ((-1)/2*80356/2)/(-1) prime?
True
Suppose 0 = -5*x - 4*r + 915665, -22*x - 3*r - 732501 = -26*x. Is x a composite number?
True
Let p(x) be the third derivative of x**6/180 + 77*x**5/120 - 3*x**4/4 + 12*x**2. Let r(v) be the second derivative of p(v). Is r(0) a composite number?
True
Let b = 62904 - 15865. Is b a composite number?
True
Suppose -501*z + 177456 = -498*z + o, 4*z = -2*o + 236606. Is z prime?
False
Let s(l) = -l**2 - 7*l + 7. Let i be s(-8). Let g be ((-32)/4)/(1/i - 1). Suppose -q - 364 = 2*d - 1851, -g*q = -3*d - 5893. Is q composite?
True
Let q be (-84 - ((-36)/(-8) + -5))*-4. Suppose -39*l + 6145 - q = 0. Is l a prime number?
True
Let h = 278387 + -90414. Is h a prime number?
True
Suppose -4 = 6*f - 34. Suppose -15 = 5*i, -99 + 1420 = 4*s + f*i. Suppose 0 = k + 3*b - s, 3*k - b - 4*b - 988 = 0. Is k composite?
False
Suppose 158*g - 198*g + 1300474 = -6105566. Is g composite?
True
Let v(t) be the first derivative of -35*t**4/2 - 4*t**3 - 16*t**2 - 7*t + 51. Is v(-4) composite?
False
Suppose 31*n = 19*n + 36. Suppose n*q = -q + 7660. Is q a composite number?
True
Suppose 47*l = 46*l + 4. Let x(t) = -23 + 860*t**2 - 314*t**2 + 8*t - 8 + 6. Is x(l) a composite number?
True
Let s = 47 - 42. Suppose 2*b - 32 = -2*b - 4*y, -3*y = -s*b + 48. Is (-3)/b*0 + -1 + 110 prime?
True
Let j = -11 + 12. Let y(u) = 269*u**3 + u**2 + 2*u + 2. Let f be y(-1). Is f*(4/(-8))/(j*2) a prime number?
True
Let o(k) = 84*k**2 + 29*k - 23. Let q be o(-22). Suppose -10*d = 9*d - q. Is d prime?
False
Suppose -5*v + 5*m + 205000 = -268055, v - 94607 = -m. Is v composite?
True
Let l = 128 - 94. Suppose -l*d = -29*d - 43195. Is d composite?
True
Suppose -28926 = 4*w + 3*s, -17*w + 21*w + 28928 = -2*s. Let g = w + 10186. Is g composite?
False
Let u be (1 - -3) + 180/10. Suppose -5*t + 4*v + 0 = -u, 0 = 4*t - 5*v - 23. Suppose 99 = 4*z - 3*z - d, t*d = -3*z + 287. Is z prime?
True
Let x be (-54105)/(-18) + (-6)/(-36). Let j = x + -1475. Is j composite?
False
Suppose 66*s = 63*s + g + 456237, 608302 = 4*s + g. Is s a composite number?
False
Let r = 496 + -456. Suppose -27107 = -r*a + 28773. Is a prime?
False
Suppose 23*u - 3*y + 429661 = 25*u, 3*u - y = 644464. Is u a composite number?
True
Suppose 3888972 + 16104 = -1466*m + 1478*m. Is m composite?
True
Let d = 419 + -405. Let w(o) = 193*o + 141. Is w(d) a prime number?
True
Let j be ((-9)/(-15))/(1/5 + 0). Suppose f = t + j*f - 31, -3*t + 3*f = -102. Suppose -t - 77 = -2*w. Is w prime?
False
Suppose 24*m - 35*m = m - 1803756. Is m prime?
False
Let u(o) = -675*o + 67. Let q be u(-5). Let m = q + -2361. Is m composite?
True
Let y be 3/5 - (-2807072)/80. Suppose q = 5*d + 7029, -3*d + y = 2*q + 3*q. Is q composite?
False
Suppose -162*l - 6563883 + 15313635 = -20599626. Is l prime?
False
Let m = -1758 + 9487. Suppose 38*x = -2*b + 39*x + 5156, 0 = -3*b + 4*x + m. Is b a composite number?
False
Let j(a) = -58*a**3 + 9. Let w(u) = 57*u**3 - u - 8. Let l(h) = -5*j(h) - 6*w(h). Is l(-2) a composite number?
True
Suppose -2*x = 6 - 8. Is 2*x*(-11)/((-220)/55010) a prime number?
True
Suppose 5*g = -l + 235719, 707093 = 18*l - 15*l - g. Is l a prime number?
True
Let r be (26/117)/(2/18). Suppose -r*x + 8 = -4*x. Is 2/x - (-7982)/4 - 2 prime?
True
Suppose -5*d - 4*q = 18954, 39*q = 34*q - 5. Let a = 8493 + d. Is a a prime number?
True
Suppose -m = -6*m + 15, -3*h = -4*m + 6. Is h/24 + 6 + (-42729)/(-36) prime?
True
Let w(n) = 25*n**2 + 9*n + 22. Let i(x) = 16 + 37*x**2 + 29 + 18*x + 12*x**2. Let r(q) = 3*i(q) - 5*w(q). Is r(-4) prime?
False
Let q = 351 - -64202. Is q prime?
True
Let m be -2*(-14 - (-5)/1). Is (6/m)/(2/1542) composite?
False
Suppose 13 = 5*g + 2*v - 7, 2*g - v + 1 = 0. Suppose -7*j = -2*j, 2*u + g*j = 4822. Is u composite?
False
Let q = 11146 + -6036. Let z = 19875 - q. Is z composite?
True
Suppose -3*l - 2*n = -1429, -n + 471 = l + n. Suppose 0 = f - 5*f + 12. Is l - (-4 + f - -1) prime?
True
Let r(o) = o + 23. Let k be r(-13). Let l(z) = 6*z**2 + 33*z + 3. Is l(k) prime?
False
Let m = 2497491 - 1754986. Is m prime?
False
Let u(i) be the second derivative of 13*i**7/1260 + 7*i**6/720 + 13*i**5/120 - 41*i**4/12 + 43*i. Let g(w) be the third derivative of u(w). Is g(-6) composite?
False
Is (-1 + -9 + (-2721216)/(-576))*111 a prime number?
False
Suppose 4*o = -g + 533 - 46, -3*g = 2*o - 241. Let t = -114 + o. Suppose 0 = -4*i + 20, 5*r + 3*i + 1026 = t*r. Is r a prime number?
True
Let q(j) = 35*j + 114. Let u be q(-16). Let r be (-1741 - (-1 - -1)) + 2. Let t = u - r. Is t a prime number?
False
Let m(p) = 22090*p + 403. Is m(15) prime?
True
Let q = 138145 - 67538. Is q a composite number?
False
Suppose 0 = 4*f - 2*q - 108920, -q + 54424 = 2*f - 8*q. Is f prime?
False
Suppose 5*p - 3 = 2*a - 2, -p = 4*a + 13. Let z be (2/(-2))/(p/1275) - 0. Suppose 0 = 5*t + 2*k - z, -k - 2*k - 786 = -3*t. Is t prime?
True
Suppose 0 = f + 3*f. Suppose f = 2*g + 9 - 3, 2*l + 3*g - 1073 = 0. Is l prime?
True
Let c = 19868 - 14006. Let z = -733 + -2734. Let m = z + c. Is m a prime number?
False
Let f be (-5 + (-85)/(-15))*(-3)/(-2). Is (-13515)/(-12) + (-2)/8*f a composite number?
True
Let o(m) = -13*m**3 - 11*m**2 + 37*m - 62. Is o(-9) composite?
False
Let l be (26/(-4))/(1/(1 - 3)). Suppose 0 = -6*i + 7 - l. Is (1*i)/((-7)/20755) prime?
False
Let n be 4/14 + 5365/259. Suppose -7*j + 14 + n = 0. Suppose -5*r - u + 573 + 168 = 0, 5*r - j*u - 765 = 0. Is r a prime number?
True
Let z = -55265 + 144394. Is z a composite number?
True
Let u(b) = -2*b**3 - 17*b**2 + 6*b + 3. Let q be u(-9). Suppose -q = -2*p - 3*p. Suppose -k + p*r - 3*r + 662 = 0, -3*r + 1279 = 2*k. Is k a composite number?
False
Let p(i) = 5 + 0 - 269*i**2 - 6*i**3 + 263*i**2 - 6*i + 12. Suppose 0 = -u + 2*m - 3, 5*m - 5 = 3*u + 5. Is p(u) prime?
True
Let h = 38280 + -5987. Suppose 5*j + h - 94512 = -4*t, 2*t = 5*j + 31087. Is t a composite number?
False
Let m(v) = 2*v**3 - 10*v**2 - 30*v + 33. Suppose k = -2*g + 2*k + 25, -4*g + 5*k + 53 = 0. Is m(g) composite?
True
Suppose -4*j + 212248 = -3*y, 0 = 4*j + 3*y + 710 - 212934. Is j a composite number?
True
Let f be 2 + -6 + -3*(-1784)/12. Let m be (-2)/1*237/2. Let y = f + m. Is y a composite number?
True
Let z(s) = -5591*s**2 - 5*s + 3. Let v(d) = d**2 + d - 1. Let i(x) = -4*v(x) - z(x). Is i(-1) a composite number?
True
Let k(q) = 4315*q**2 + 3*q + 2. Let i be 15/(-10)*(-2 + (-8)/(-3)). Let u be k(i). Suppose -4*j = 2*j - u. Is j a prime number?
True
Let m(r) = 1312 + 86*r**2 - 1303 + 14*r**2 - 18*r. Is m(-5) a prime number?
False
Suppose 356492 = -20*n + 4737632. Is n composite?
True
Let s = -12 + 28. Suppose -230*t = -228*t - 28. Is (-2006)/(-4)*(s - t) prime?
False
Suppose 0 = 13*h - 10*h - 9. Is 316/(-7 + h)*-17 composite?
True
Suppose -3*s - 267 = 4*j, -7*s + 5*j - 387 = -3*s. Let g = -89 - s. Suppose 6154 = g*d + 1602. Is d a prime number?
False
Is 12/22 + 166*(-18296)/(-176) a prime number?
True
Let j(s) = -31*s + 21. Let w be j(-10). Suppose -4*u = -5*u + w. Suppose 3*m - u = -h, 0 = -5*h + 2*m - 773 + 2360. Is h a composite number?
True
Let n be -4 + 10 + (-3 - 5) + 6. Suppose n*c = -5*k + 30137, 0 = -8*k + 6*k - c + 12056. Is k prime?
True
Let v = -634 - -1455. Suppose -v = -2*q + 1017. Is q composite?
False
Let b(f) be the first derivative of -13*f + 27*f**2 - 40*f**2 - 37*f**2 - 17. Is b(-3) prime?
False
Suppose -4*m - 2*j - 152 = 0, 4*m - 3*j + 263 = 101. Let x = 42 + m. Suppose x*r + 33 - 1290 = 0. Is r a prime number?
True
Let w(t) = t**3 - 37*t**2 - 33*t + 7. Let c be w(32). Let l = 10434 - c. Is l a prime number?
True
Let x(a) be the third derivative of a**5/4 - a**4/12 - 3*a**3/2 - 4*a**2. Suppose 14*o - 90 = -o. Is x(o) a composite number?
True
Let j(y) = 195*y - 19. Let v(p) = 3*p**3 - 2*p**2 - p + 2. Let k be v(1). Suppose -o + k*f = 3 + 1, -2*f + 22 = 2*o. Is j(o) prime?
True
Let g(t) = 2*t + 139. Let s = 828 - 864. Is g(s) a prime number?
True
Let k = -507 + 503